uppose 3*j + 1 = -11. Let s be (-1)/8*j*4. What is the highest common factor of s and 4?
2
Let q = 195 + 525. Suppose -2*b - b = -q. Suppose 4*z + 4*l = b, -l + 180 = 3*z - 6*l. Calculate the highest common divisor of 15 and z.
15
Suppose -34 - 8 = -4*z - 3*h, -4*z = 5*h - 46. Let x = 13 - z. Suppose -13 = -x*c + 31. Calculate the greatest common factor of 99 and c.
11
Let x be (-168)/2*(-16)/24. Let f be (3 - 0)*x/21. Suppose 0 = -d + 10 + 6. What is the highest common divisor of d and f?
8
Suppose -3*y = x - 39 - 8, -2*y = 3*x - 36. Calculate the greatest common divisor of 105 and y.
15
Suppose 0 = -13*m + 3603 - 1107. Let c = 53 + -29. Calculate the greatest common divisor of c and m.
24
Suppose -2*r - 2*y = 2, 2*y + 2*y = -5*r. Suppose r*a + 20 = 0, 0*a + 14 = -v - 4*a. What is the greatest common factor of 42 and v?
6
Suppose -5*p + 16 = -49. Calculate the highest common factor of p and 104.
13
Suppose -3*l = -5*r + 195, 2*r + 3*r - 225 = -3*l. What is the greatest common factor of r and 378?
42
Let c(a) = -a**3 - 13*a**2 - 7*a - 31. Let k be c(-13). What is the highest common factor of k and 15?
15
Let g = -26 - -66. Let z be 16/g - 403/(-5). What is the greatest common factor of 9 and z?
9
Let h = -4 - -7. Suppose 3*w = -4*v + 204, -5*w = -h*v + 57 + 67. What is the highest common factor of v and 12?
12
Let a = 26 - 44. Let d be (a/(6/2))/(-1). Let m(v) = v**2 - v. Let o be m(3). Calculate the highest common divisor of o and d.
6
Suppose -30*v = -34*v + 216. Calculate the greatest common factor of 54 and v.
54
Suppose -w = 4*w - 990. Suppose -27 = -4*v + 45. What is the greatest common divisor of v and w?
18
Let n(u) = -u**3 + 5*u**2 + 8*u - 8. Let b be n(6). Let s(x) = 2 - 6 - b*x + x. Let y be s(-6). Calculate the highest common factor of y and 42.
14
Suppose -137 = -5*u + 28. What is the highest common factor of 11 and u?
11
Suppose -3*y = -2*y. Let d be (1 - y)/((-2)/(-48)). Calculate the highest common factor of 72 and d.
24
Let o = -7 + 9. Let p = o + 2. Let y be (p/(-2))/(-6)*21. What is the greatest common factor of 21 and y?
7
Let m be 22/10 - (-6)/(-30). Suppose -5*v - m = -152. Calculate the greatest common factor of 12 and v.
6
Let c be ((-45)/(-6) - 0)*(-32)/(-10). Let k(x) = 23*x**2 + 1. Let w be k(-1). Calculate the highest common factor of w and c.
24
Suppose 10 - 42 = -4*s. Suppose 2*d + s = 2*f, -3*d = -0*d + 9. Suppose -v - f = 0, 45 = 5*x - 0*v + 5*v. Calculate the highest common divisor of x and 10.
10
Let z = -40 + 43. Calculate the highest common divisor of 3 and z.
3
Let n(j) = -j - 1. Let r be n(-5). Suppose -r*s + 19 = -f + 2, -2*s = -10. Let u be 73/f + 4/(-12). What is the highest common factor of 8 and u?
8
Let d be (-21 + 19)*2*-21. What is the highest common factor of d and 24?
12
Let n(r) = 4*r**2 - 28. Let z be n(8). What is the greatest common factor of 57 and z?
57
Let x(a) = a + 9. Let c be x(-8). Let r be 5*(c - -3)*1. What is the highest common factor of 140 and r?
20
Suppose 2 = 3*r - 19. Suppose -4*z - r - 9 = w, 5*z = -5*w - 5. Let b = -3 + 23. Calculate the greatest common factor of w and b.
4
Let t(q) = 21*q. Let r be t(3). What is the highest common factor of r and 9?
9
Let s(l) = -2*l - 1. Suppose 6*n - 3*n = -24. Let k be s(n). Calculate the highest common factor of 75 and k.
15
Let k(h) = 29*h + 1. Let v be k(2). Suppose a - 240 = -8*y + 3*y, y - 2*a = v. Calculate the greatest common divisor of 7 and y.
7
Let g be 1 + 1 - -29 - (0 + 1). What is the greatest common divisor of 6 and g?
6
Suppose 359 = 8*l - 1369. Let v be (27/12)/(3/32). Calculate the highest common factor of v and l.
24
Suppose -2*n = -14 - 0. Let c(q) = q - 3. Let g be c(n). What is the highest common divisor of g and 20?
4
Let b(y) = y**3 + y**2 + 3. Let x be b(0). Suppose 12 = 4*i - x*i. What is the greatest common factor of 84 and i?
12
Suppose 276*i = 272*i + 28. Suppose 0 = -r + 5*n - 1, n - 53 = -4*r + 2*n. Calculate the highest common divisor of i and r.
7
Let s(y) = -2*y**3 - 3*y**2 + 2*y + 5. Let z be s(-4). Let t(f) = -f**3 - 7*f**2 - 8*f - 5. Let l be t(-6). Calculate the highest common divisor of l and z.
7
Let g = 55 + -31. What is the highest common factor of 6 and g?
6
Let l = 157 - 99. Suppose -256 + l = -3*x. Suppose x = u - 3*j, 6*u - 2*u + 2*j - 222 = 0. Calculate the greatest common factor of 19 and u.
19
Suppose 0 = -d - d - 32. Let q = 41 + d. Calculate the greatest common divisor of q and 5.
5
Suppose -4*s = 4*m - 76, 4*s = 5*m + 11 - 151. Suppose -5*f + 83 = -3*w, -2*f - 3*w + 45 = f. What is the highest common factor of m and f?
8
Let c = 8 + 8. What is the highest common divisor of c and 1?
1
Suppose 4*s + 3 = 2*s - 3*j, -3*j + 15 = 5*s. Calculate the greatest common factor of s and 30.
6
Let c(i) = -i + 7. Let u be c(3). Suppose -4*m = -u*l - m + 16, l + 5*m = 4. What is the greatest common factor of l and 8?
4
Let k = 15 - 8. What is the greatest common factor of 35 and k?
7
Let f = -9 - -17. Let z = f + -3. What is the greatest common factor of 20 and z?
5
Let c(x) = 3*x**2 - 6*x + 5. Let s be c(6). What is the highest common factor of 7 and s?
7
Let b(k) be the second derivative of -5/3*k**3 + 0 - 2*k**2 + 2*k - 1/12*k**4. Let f be b(-5). What is the greatest common factor of f and 21?
21
Let q be 9/12 - (-151)/(-4). Let h = q + 52. Calculate the greatest common divisor of h and 60.
15
Suppose -5*t + 3*v = -0*v - 351, -5*t - v + 363 = 0. What is the greatest common factor of t and 8?
8
Let d be 4/(1/((-1)/1)) - -395. What is the greatest common divisor of 17 and d?
17
Suppose 124 = 3*z + 4*h - 0*h, -2*z = -3*h - 111. Calculate the highest common factor of 6 and z.
6
Let i = 239 + -23. Calculate the highest common factor of 27 and i.
27
Suppose 0*n = -2*n - 5*o + 60, n - 20 = -5*o. Calculate the highest common factor of 8 and n.
8
Let z(g) = g**2 - g - 4. Let v be z(3). Let b be 6/((-1)/(4 + -3)). Let j = 8 - b. Calculate the greatest common divisor of j and v.
2
Suppose -36 = -z - 12. Let n(l) = l**3 + 10*l**2 - 21. Let h be n(-9). Calculate the highest common factor of z and h.
12
Let x = -181 + 309. What is the highest common divisor of x and 16?
16
Let i(r) = -3*r. Let v be i(-1). Let o(s) = -s - 4 + 7*s - v*s. Let t be o(5). What is the highest common factor of 88 and t?
11
Suppose -2*b + 6*b = 180. What is the greatest common divisor of b and 18?
9
Let w(h) = -3*h**2 + 4*h + 6*h**3 + 3*h**3 - h + h**2. Let k be w(2). What is the highest common factor of k and 14?
14
Let l be (-10)/6 + (-12)/(-18). Let y = 9 + l. What is the greatest common divisor of y and 40?
8
Let b = -1 - -3. Suppose 0*h = -b*h + 24. Suppose -1 + 37 = 2*j. What is the highest common divisor of j and h?
6
Let x = -89 + 230. Suppose -3*y + x = -51. What is the highest common factor of 8 and y?
8
Suppose -5*a + 16 = 3*c - c, 2*a + 2 = 2*c. Let y = 0 - -2. What is the highest common factor of a and y?
2
Let y(s) = 2*s - 3. Let x be y(5). Suppose -2*u + x = -1. Suppose -11*c = -17*c + 36. What is the greatest common divisor of c and u?
2
Suppose 5*y + 3*v - 119 = 0, 4 + 121 = 5*y + 5*v. What is the highest common divisor of 2 and y?
2
Let j be (0 - 1) + 48 - -1. Let x(l) = l**2 - 2*l**2 - 5 + 37 + 2*l**2. Let w be x(0). Calculate the highest common factor of w and j.
16
Let f be ((-20)/(-15))/((-2)/(-3)). Suppose -2*z = 4*p - 48, -58 = -2*z + f*p - 22. What is the highest common factor of 30 and z?
10
Let m = -8 - -37. Suppose 16 + m = 5*t. Calculate the greatest common factor of 72 and t.
9
Let v(x) = x**3 - 5*x**2 - x - 8. Suppose -2*d = -z + 5*z - 34, 2*z = -3*d + 27. Let s be v(z). What is the greatest common factor of 11 and s?
11
Let z be (-6802)/(-18) - (-13)/117. What is the greatest common divisor of 42 and z?
42
Let x = -17 + 9. Let v(n) = n + 15. Let q be v(x). Calculate the highest common factor of 42 and q.
7
Let o be -4 - -2 - (0 + -3). Let r(k) = -2*k**2 - 23*k - 9. Let s be r(-11). Calculate the highest common divisor of s and o.
1
Let a be (1/(-2))/(1/(-30)). Let x(d) = d**3 + 5*d**2 - 8*d - 4. Let p be x(-6). Let k = p + -2. What is the highest common divisor of a and k?
3
Let r = 3 + -6. Let i be ((-110)/r)/((-2)/(-6)). Calculate the greatest common factor of i and 10.
10
Suppose 0 = -s + 3*s - 3*o +